units digit of 3179?
9
What is the thousands digit of 1551?
1
What is the units digit of 32578?
8
What is the hundreds digit of 32661?
6
What is the ten thousands digit of 37903?
3
What is the units digit of 30040?
0
What is the units digit of 55870?
0
What is the tens digit of 817?
1
What is the hundreds digit of 4188?
1
What is the units digit of 92172?
2
What is the thousands digit of 1232?
1
What is the tens digit of 7768?
6
What is the units digit of 6513?
3
What is the tens digit of 8667?
6
What is the units digit of 13706?
6
What is the tens digit of 21523?
2
What is the hundreds digit of 17752?
7
What is the hundreds digit of 231?
2
What is the units digit of 110023?
3
What is the tens digit of 5431?
3
What is the tens digit of 24472?
7
What is the units digit of 1335?
5
What is the ten thousands digit of 13205?
1
What is the hundreds digit of 537?
5
What is the ten thousands digit of 16391?
1
What is the units digit of 3232?
2
What is the tens digit of 1010?
1
What is the units digit of 28043?
3
What is the tens digit of 134213?
1
What is the thousands digit of 1237?
1
What is the tens digit of 111394?
9
What is the units digit of 5268?
8
What is the tens digit of 203?
0
What is the thousands digit of 52380?
2
What is the units digit of 15173?
3
What is the hundreds digit of 26000?
0
What is the thousands digit of 4829?
4
What is the tens digit of 14715?
1
What is the tens digit of 77?
7
What is the units digit of 6656?
6
What is the units digit of 843?
3
What is the units digit of 13716?
6
What is the thousands digit of 1843?
1
What is the thousands digit of 63172?
3
What is the ten thousands digit of 77576?
7
What is the hundreds digit of 892?
8
What is the thousands digit of 24273?
4
What is the ten thousands digit of 11927?
1
What is the tens digit of 30?
3
What is the tens digit of 108529?
2
What is the units digit of 9853?
3
What is the thousands digit of 35660?
5
What is the tens digit of 272?
7
What is the units digit of 34664?
4
What is the tens digit of 1408?
0
What is the tens digit of 2018?
1
What is the units digit of 13696?
6
What is the hundreds digit of 13809?
8
What is the thousands digit of 3986?
3
What is the units digit of 1342?
2
What is the hundreds digit of 21338?
3
What is the ten thousands digit of 42836?
4
What is the hundreds digit of 2316?
3
What is the thousands digit of 6008?
6
What is the tens digit of 2058?
5
What is the tens digit of 6683?
8
What is the hundreds digit of 5980?
9
What is the tens digit of 122?
2
What is the tens digit of 457?
5
What is the hundreds digit of 20725?
7
What is the tens digit of 1444?
4
What is the tens digit of 996?
9
What is the thousands digit of 1078?
1
What is the thousands digit of 7286?
7
What is the hundreds digit of 1032?
0
What is the hundreds digit of 2584?
5
What is the hundreds digit of 107231?
2
What is the thousands digit of 190314?
0
What is the thousands digit of 6377?
6
What is the units digit of 802?
2
What is the units digit of 10982?
2
What is the tens digit of 332?
3
What is the thousands digit of 4282?
4
What is the units digit of 3623?
3
What is the hundreds digit of 85984?
9
What is the tens digit of 1759?
5
What is the units digit of 2230?
0
What is the units digit of 95923?
3
What is the hundreds digit of 4361?
3
What is the units digit of 723?
3
What is the hundreds digit of 12493?
4
What is the hundreds digit of 2493?
4
What is the hundreds digit of 3350?
3
What is the units digit of 12567?
7
What is the units digit of 117211?
1
What is the hundreds digit of 1202?
2
What is the tens digit of 96234?
3
What is the hundreds digit of 12562?
5
What is the units digit of 2876?
6
What is the hundreds digit of 6901?
9
What is the thousands digit of 1254?
1
What is the units digit of 1440?
0
What is the units digit of 31472?
2
What is the units digit of 37867?
7
What is the units digit of 7814?
4
What is the units digit of 1741?
1
What is the thousands digit of 4238?
4
What is the thousands digit of 1395?
1
What is the thousands digit of 3133?
3
What is the thousands digit of 72567?
2
What is the tens digit of 13205?
0
What is the hundreds digit of 6830?
8
What is the units digit of 769?
9
What is the thousands digit of 31303?
1
What is the tens digit of 6457?
5
What is the tens digit of 2689?
8
What is the units digit of 5831?
1
What is the hundreds digit of 1314?
3
What is the units digit of 1487?
7
What is the hundred thousands digit of 110331?
1
What is the hundreds digit of 564?
5
What is the units digit of 2002?
2
What is the units digit of 49260?
0
What is the hundreds digit of 968?
9
What is the tens digit of 6415?
1
What is the tens digit of 2918?
1
What is the hundreds digit of 885?
8
What is the tens digit of 7810?
1
What is the thousands digit of 7318?
7
What is the units digit of 590?
0
What is the tens digit of 2831?
3
What is the hundreds digit of 57021?
0
What is the units digit of 4545?
5
What is the thousands digit of 1077?
1
What is the hundreds digit of 5617?
6
What is the tens digit of 50521?
2
What is the units digit of 2515?
5
What is the tens digit of 5202?
0
What is the hundreds digit of 19683?
6
What is the hundreds digit of 3459?
4
What is the thousands digit of 6972?
6
What is the hundreds digit of 673?
6
What is the ten thousands digit of 11725?
1
What is the units digit of 89520?
0
What is the tens digit of 1757?
5
What is the thousands digit of 95763?
5
What is the units digit of 504?
4
What is the tens digit of 2355?
5
What is the units digit of 19733?
3
What is the tens digit of 39480?
8
What is the units digit of 5062?
2
What is the thousands digit of 3368?
3
What is the tens digit of 1131?
3
What is the tens digit of 31308?
0
What is the thousands digit of 1311?
1
What is the tens digit of 889?
8
What is the units digit of 4233?
3
What is the tens digit of 32945?
4
What is the thousands digit of 15760?
5
What is the units digit of 1928?
8
What is the hundreds digit of 171?
1
What is the hundreds digit of 2417?
4
What is the units digit of 5042?
2
What is the thousands digit of 1687?
1
What is the tens digit of 3771?
7
What is the thousands digit of 9412?
9
What is the units digit of 1193?
3
What is the units digit of 1125?
5
What is the units digit of 3651?
1
What is the units digit of 15356?
6
What is the thousands digit of 4365?
4
What is the hundreds digit of 7010?
0
What is the thousands digit of 2113?
2
What is the thousands digit of 14561?
4
What is the tens digit of 13628?
2
What is the tens digit of 292?
9
What is the tens digit of 1832?
3
What is the units digit of 14801?
1
What is the thousands digit of 7432?
7
What is the hundreds digit of 1668?
6
What is the tens digit of 641?
4
What is the units digit of 1974?
4
What is the units digit of 454?
4
What is the thousands digit of 2179?
2
What is the units digit of 80075?
5
What is the thousands digit of 5402?
5
What is the tens digit of 2249?
4
What is the hundreds digit of 16107?
1
What is the hundreds digit of 133611?
6
What is the hundreds digit of 1622?
6
What is the units digit of 4642?
2
What is the ten thousands digit of 60079?
6
What is the tens digit of 6385?
8
What is the thousands digit of 22972?
2
What is the units digit of 71?
1
What is the units digit of 2998?
8
What is the units digit of 7874?
4
What is the ten thousands digit of 15934?
1
What is the hundred thousands digit of 105958?
1
What is the thousands digit of 1068?
1
What is the tens digit of 4284?
8
What is the units digit of 2585?
5
What is the hundreds digit of 448?
4
What is the ten thousands digit of 191457?
9
What is the hundred thousands digit of 146326?
1
What is the tens digit of 14154?
5
What is the thousands digit of 2497?
2
What is the units digit of 918?
8
What is the tens digit of 6634?
3
What is the tens digit of 484?
8
What is the ten thousands digit of 64753?
6
What is the hundreds digit of 5968?
9
What is the ten thousands digit of 13115?
1
What is the units digit of 1264?
4
What is the hundreds digit of 724?
7
What is the tens digit of 703?
0
What is the units digit of 870?
0
What is the thousands digit of 49534?
9
What is the tens digit of 707?
0
What is the tens digit of 5752?
5
What is the units digit of 38574?
4
What is the tens digit of 5300?
0
What is the ten